ivided by 11.
7
Suppose 0 = -7*l - 145*l + 4762 + 9222. What is the remainder when 369 is divided by l?
1
Let z = -55 + 59. Suppose z*l - 14 = 10. Let h = -69 + 84. What is the remainder when h is divided by l?
3
Let o(c) be the first derivative of -c**3/3 - 12*c**2 + 377*c + 199. What is the remainder when o(-32) is divided by 26?
17
Let m be (-15)/(-6)*(-24)/(-30). Suppose m*l - l - 2*q = 40, -153 = -4*l + q. Suppose 40*i - 22 = l*i. What is the remainder when 28 is divided by i?
6
Let j(t) = -33*t**3 - 2*t**2 + 2*t + 2. Let y be j(-1). Suppose y*g - 47 = -16*g. What is the remainder when 2 is divided by g?
0
Let l = 8620 - 8552. Calculate the remainder when 201 is divided by l.
65
Let y(p) = -5*p**3 - 24*p + 14. Let k(b) = 4*b**3 + b**2 + 25*b - 12. Let g(f) = 7*k(f) + 6*y(f). What is the remainder when 2/4*92/2 is divided by g(6)?
5
Suppose o = 1 + 4. Suppose -25 = -o*z + 10. What is the remainder when 15 is divided by z?
1
Let v = 320 + -316. Suppose s = -4*j + 1671, -52*s + 53*s + 1673 = v*j. Calculate the remainder when j is divided by 106.
100
Let f = 16538 + -16412. Calculate the remainder when f is divided by 79.
47
Let u = 31 - 19. Let v(r) = -r**3 + 8 + 3*r + 2 - u - 4*r**2. What is the remainder when 21 is divided by v(-5)?
5
Let k(u) = 71*u - 2*u**3 + 4 - 55*u + 13*u**2 - u**3. Calculate the remainder when k(-5) is divided by 19.
16
Suppose -214 = 3*l - q + 3*q, 4*q - 76 = l. Calculate the remainder when 38 is divided by (972/l)/(3/(-4)).
2
Suppose 2*w - 6*w = -104. What is the remainder when -370 + 406 - ((-50)/18 - (-2)/(-9)) is divided by w?
13
Let x = -76 - -81. Suppose 2*p + 31 = d, 10 + 0 = d + x*p. Suppose 5*s - 355 = -0*s. What is the remainder when s is divided by d?
21
Suppose -t = 4*w + 255, 5*w - 264 = t - 0*t. Let q = -229 - t. Calculate the remainder when q is divided by -1 - -1 - -17*1.
13
Let c = -519 - -740. Calculate the remainder when 10162 is divided by c.
217
Suppose 210*d = 215*d - 3945. Suppose -d + 194 = -5*i. Calculate the remainder when i is divided by 30.
29
Suppose -15*q - 9044 = 4156. Let w = q + 901. What is the remainder when 440 is divided by w?
20
What is the remainder when 924 is divided by (58/8)/29 + 4*(-86)/(-32)?
0
Let p(i) = 7*i + 1678. What is the remainder when p(-91) is divided by 241?
77
Let g(m) = 2*m**2 + 10*m - 13. Let r be g(-6). Let s = -7 + 22. What is the remainder when 4/r + (-176)/(-4) is divided by s?
10
Suppose -389*q + 378*q = -264. What is the remainder when 94 is divided by q?
22
Calculate the remainder when (-1307)/(-10) + -19 + (-2316)/(-120) is divided by 84.
47
Let b(x) = 4*x**3 - x**2 + 1. Let t be b(-1). Let f(d) = -7 - 100*d + 99*d + 23. Calculate the remainder when f(t) is divided by 7.
6
Suppose 118 = -31*a + 1761. What is the remainder when a is divided by 41?
12
Let d(s) = -31*s + 257. Let g(i) be the first derivative of i**3/3 + 3*i**2/2 + 7*i + 3. What is the remainder when g(-10) is divided by d(7)?
37
Let y be -2 - 5 - -5 - (3 + 219). Let f = y + 346. Suppose 3*r - 36 = -2*i + 5*r, -4*i = 4*r - 72. Calculate the remainder when f is divided by i.
14
Suppose 27*x + 6 = 21*x. Suppose 14 = 4*s - 2. What is the remainder when (36 + (-1)/x)/(-1 - -2) is divided by s?
1
Let z = 21898 - 21807. What is the remainder when 255 is divided by z?
73
Let k be 1/((-14)/(-15) + -1). Let l(j) = 6*j - 11*j**2 - 22 + 6*j + 5*j**2 + 7*j**2. What is the remainder when l(k) is divided by 8?
7
Suppose 0 = -c, -3*c + 64 = 8*k - 4*k. Let b = -50 - -286. What is the remainder when b is divided by k?
12
Let m = 3243 - 2471. Calculate the remainder when m is divided by 20.
12
Suppose 55*p - 6207 = -1092. Calculate the remainder when 301 is divided by p.
22
Let w(d) = -214*d - 4. Let h be w(-2). Suppose 0 = -3*p + 2*p - 2*m + 113, -4*p = m - h. What is the remainder when p is divided by 20?
5
Let a = -102 + 122. Suppose -a*t + 5*t + 315 = 0. What is the remainder when 60 is divided by t?
18
Suppose 5*j - 2*u - 26 = 0, 0 = -4*j + j + 4*u + 24. What is the remainder when 942 is divided by j?
2
Suppose -8678*k = -8699*k + 861. What is the remainder when 563 is divided by k?
30
Let o(y) = -959*y - 3777. Let t = -16 + 39. Calculate the remainder when o(-4) is divided by t.
13
Let v be (39/65)/(3/1230). Suppose -102*a = -99*a - v. What is the remainder when a is divided by 7?
5
Suppose -5*v + 1127 = 62. Suppose 81 = -4*w + v. Suppose 86*o - 4*t = 85*o + 75, -2*t + 246 = 4*o. Calculate the remainder when o is divided by w.
30
Let c(a) = -20*a - 479. Let z be c(14). Let k = -658 - z. Calculate the remainder when k is divided by 32.
5
Let c = -5958 - -5974. Calculate the remainder when 1550 is divided by c.
14
Let n(u) = 243*u**2 + 141*u + 420. What is the remainder when n(-3) is divided by 81?
78
Let i = 49 - 31. Let b(a) = -a**2 + 4*a + 124. What is the remainder when b(-8) is divided by i?
10
Let b(a) = -204*a - 92. Calculate the remainder when b(-2) is divided by 23.
17
Suppose -3779891 + 3779135 = -28*g. Suppose -5*y = -5*c + 75, -2*c = -c - 4*y - 27. What is the remainder when g is divided by c?
5
Let i = -88 - -88. Suppose -4*u + 96 = 4*g, -5*u + 3*u + 3*g + 23 = i. Let a(h) = 19*h - 3. Calculate the remainder when a(4) is divided by u.
16
Let y(q) = -2*q**3 + 100*q**2 + 104*q + 144. Let s be y(51). Suppose 4*p = 2*p + 698. Let u = p - s. Calculate the remainder when u is divided by 21.
19
Suppose 22972 = -15*y + 278257. Calculate the remainder when y is divided by 185.
184
Suppose -578 = -7*u + 122. Suppose 13*v - u - 69 = 0. What is the remainder when 70 is divided by v?
5
Let c = -5292 + 5424. Calculate the remainder when c is divided by 132.
0
Let r be (40/(-15))/8*-411. Let v = -134 + r. Suppose -v*i = i - 112. What is the remainder when 72 is divided by i?
16
Suppose 45 = 4*l - 63. Let n = 31 - 46. Let a = n + l. What is the remainder when 46 is divided by a?
10
Suppose -32076 = -5*l - 28*l - 33*l. Calculate the remainder when l is divided by 52.
18
Let f be (-2 - (-8 + 2)) + 21. Suppose -f*w = 124 - 1024. Calculate the remainder when 60 is divided by w.
24
Suppose 4*u + 2*z - 860 = 0, 2*u - 436 = -3*z + z. What is the remainder when 226 is divided by u?
14
Let m(k) = 3*k**2 - 509*k + 2007. Calculate the remainder when 14/(-49) - (-10070)/14 is divided by m(4).
16
Let j = 20386 - 17277. Calculate the remainder when j is divided by 38.
31
Let j(z) = 2*z**3 + 5*z**2 - 20*z - 2. Let n be j(6). Let q = n - 469. Calculate the remainder when 54 is divided by q.
12
Let z(c) = c**3 - 9*c**2 - 109*c - 55. Calculate the remainder when z(21) is divided by 118.
116
Suppose 6*w - 13 = w - a, 2*w + 4*a + 2 = 0. Suppose w = j + 5*l, -j + 2*l + 14 = -17. What is the remainder when j is divided by 13?
10
Suppose x + 0*l - 55 = 2*l, 4*x - l - 192 = 0. What is the remainder when x is divided by (-6)/(-3)*(12 - 61/6)*3?
3
Suppose 0 = 4*n - 12*n. Suppose 0 = 5*p + 20, -s + 35 = -n*s + 5*p. Calculate the remainder when s is divided by 14.
13
Suppose 17*m - 1 = 13*m - 3*p, 2*p - 2 = -3*m. What is the remainder when (-6)/21 + (-69)/(-21) + 16 is divided by m?
3
Suppose -g + 5*d = 10, 0 = -3*d + 9 - 3. Suppose g = 6*y + 173 - 233. Let i = 127 - -1. Calculate the remainder when i is divided by y.
8
Suppose 139*h - 4643 = 4531. What is the remainder when 329 is divided by h?
65
Suppose 333*o - 397*o - 724 + 9876 = 0. Calculate the remainder when 577 is divided by o.
5
Let p be -1*(-4 + 5) - -1. Let z(m) = 2*m**3 + m**2 - 4*m + 5. Calculate the remainder when 11 is divided by z(p).
1
Let x = 10328 + -10316. Let i = -60 + 297. Calculate the remainder when i is divided by x.
9
Suppose 85*h - 83*h = 192. Let l(n) = 6*n**2 + 2*n. Suppose 0*z + z = -2. Calculate the remainder when h is divided by l(z).
16
Let a(c) = -3134*c - 2999. What is the remainder when a(-2) is divided by 164?
153
Suppose 10*h - h = 819. Suppose 5*i = h - 21. Suppose -i*j + 9*j + 60 = 0. Calculate the remainder when 21 is divided by j.
9
Let h(p) = 2820*p - 22524. Let j(i) = i + i**3 - 2*i**3 + 1 + 2*i. What is the remainder when h(8) is divided by j(-3)?
17
Let r(z) = 3*z**2 + 22*z - 31. Let x(h) = -h**2 + 2*h + 1. Let t(u) = r(u) + 4*x(u). What is the remainder when 85 is divided by t(28)?
27
Suppose -4*i = i + 205. Let a = i - -39. Calc